 is x(t)?
-19
Let x(a) = -16*a**3 + a**2. Let w(j) = -12*j**2 - 71*j + 7. Let g be w(-6). Give x(g).
-15
Let u be (-1)/((6/2)/(-21)). Let k = -54 + 58. Let f(i) = 6*i**2 - 3 + 0*i**2 - k*i - i - u*i**2. What is f(-5)?
-3
Let l(q) = -q**2 + 6*q - 8. Let j be l(6). Let m(y) = 45*y + 47*y + 42*y - y**2 + 37*y - 178*y + 1. Determine m(j).
-7
Let f = 74 - 40. Let k = 33 - f. Let t(d) be the first derivative of -8*d**3/3 - d**2/2 + 1. Determine t(k).
-7
Let r(w) = -5*w**3 - 19*w**2 + 7*w - 3. Let j(b) = 6*b**3 + 21*b**2 - 6*b + 4. Let o(n) = 4*j(n) + 5*r(n). Calculate o(-12).
13
Let k be 2 + (-1 - 2)*-5. Let l = k + -25. Let r(n) = n**3 + 9*n**2 + 7*n - 5. What is r(l)?
3
Let v(p) = -9*p + 21 + 20*p - 20. Give v(1).
12
Let r = 237 - 233. Let b(s) = 6*s**3 + 10*s**2 + 8*s - 3. Let k(t) = -5*t - 3*t + t + 2 - 5*t**3 - 9*t**2. Let h(f) = -6*b(f) - 7*k(f). Determine h(r).
-8
Let a be 132/(-231)*7/2. Let y(f) = -2*f**2. Determine y(a).
-8
Let n(z) = z**3 + 24*z**2 - 24*z + 32. Let q be n(-25). Let d(j) = -j**3 + 8*j**2 - 7*j + 8. Determine d(q).
8
Let l be (-41)/(-3) + (-12)/18. Let n = 2 + 27. Let d(k) = -5 + 17*k - n*k + l*k. Calculate d(4).
-1
Suppose 4*o - 52 = 4*n, -10 = o - 4*n - 26. Suppose 4*m = 3*j - 9, -m = -5*m - o. Let a(g) = -16*g**3 + 2*g**2 - 1. Determine a(j).
17
Let f = -357 - -351. Let t(m) = -m**3 - 5*m**2 + 6*m + 3. Determine t(f).
3
Let g(o) = -17*o - 334. Let l be g(-21). Let a(v) = -v**3 + 22*v**2 + 23*v + 9. What is a(l)?
9
Let m(j) = -20*j**2 - 6*j - 15. Let s(p) = -7*p**2 - 2*p - 5. Let x(o) = -o - 12. Let g be x(-18). Let y(n) = g*m(n) - 17*s(n). What is y(-4)?
-13
Let t(y) = 9*y**2 + 4*y + 8. Let a(c) = -4*c**2 - 2*c - 4. Let p be 9 + 1 + -2 + -1. Suppose -21*j + 23*j = 6. Let s(u) = j*t(u) + p*a(u). Determine s(-4).
-12
Let l(t) = 6*t + 5. Suppose -3*h = -a + 1, -2*h = -4*a + 1 + 13. Let d(x) = -5. Let m(f) = -6. Let z(i) = -5*d(i) + 4*m(i). Let g(y) = a*z(y) - l(y). Give g(2).
-13
Let x(t) = -t**3 - 4*t**2 - 5*t - 3. Let y be (484/33 + -12)/(2/(-3)). What is x(y)?
17
Let h(m) be the first derivative of 0*m**2 - 1/12*m**4 - 1/3*m**3 + 0*m - 5 + 1/60*m**5. Let k(b) be the third derivative of h(b). Calculate k(4).
6
Let d(j) be the second derivative of 0 + 0*j**3 + 7/12*j**4 - 23*j - 5*j**2 + 1/20*j**5. What is d(-7)?
-10
Let t(s) be the second derivative of -2*s**5/15 - s**4/24 + s**3/6 + 13*s**2/2 + 7*s. Let l(v) be the first derivative of t(v). What is l(1)?
-8
Let l(j) be the second derivative of j**3/3 + 23*j + 6. Determine l(-6).
-12
Let j(d) be the third derivative of -d**5/60 + 7*d**4/24 + 4*d**3/3 - d**2 - 15. Let o be (-333)/(-45) - 2/5. Determine j(o).
8
Let q(g) be the second derivative of g**4/6 + 10*g**3/3 + 91*g. Determine q(-10).
0
Let x be (-6)/(-1) - 20/5 - -1. Let k(z) = -4*z + 1. Determine k(x).
-11
Let s(t) be the second derivative of t**3/6 - 7*t**2/2 + t. Let d(v) = 2*v - 14. Let u(p) = 2*d(p) - 5*s(p). Suppose -4*y = 5*y. Determine u(y).
7
Let d(i) = i**3 + 3 + 0*i + 4*i - 2 + 5*i**2. Let j be d(-3). Let f(y) = 1 + 1 + j*y - y. Give f(-2).
-10
Let z = -21 + 13. Let k be (8/12)/(z/(-60)). Suppose k*u + r + 17 = 0, -2*u - 2*u - r = 14. Let x(d) = -6*d + 1. Calculate x(u).
19
Let g(x) = -2*x**2 + 5*x + 4. Let k(l) = -3*l**2 + 11*l + 9. Let o(u) = 5*g(u) - 3*k(u). Determine o(-8).
-7
Let p(d) = -2*d**3 + 3*d**2 + d + 3. Let c be 94/(-141)*(-9)/2. Calculate p(c).
-21
Let k be 143 + (7 - (-3)/(-1)). Let z be (k/49)/(2/(1*6)). Let t(r) = r**2 - 9*r. What is t(z)?
0
Let p(r) = -20 + 1 + 4*r + 45 + 4. Give p(-5).
10
Suppose -2*c + 46 = 4*k, 5*c - 3 = 2*c. Let b = k + -8. Suppose -7*o = -b*o + 20. Let z(l) = l + 8. What is z(o)?
3
Let g = 28 + -32. Let z(t) be the second derivative of -t**5/20 - t**4/4 + 5*t**3/6 - 3*t**2/2 - 2*t - 43. Determine z(g).
-7
Let m(h) = -h + 5*h + 3*h + 9*h**2 - 5*h + 3. Give m(-2).
35
Let r(p) = 552*p + 6 + 550*p - 3 - 1103*p. Suppose 2*c - 3*c + 3 = -y, 2*c + 3 = -y. Give r(c).
3
Let m(s) = 9*s + 16. Let g(v) = 5*v + 1. Let n(y) = 2*g(y) - m(y). What is n(8)?
-6
Let b(a) be the first derivative of -10 + 0*a**2 + a - 2/3*a**3 - 3/4*a**4. What is b(1)?
-4
Suppose 49*s - 58*s = -36. Let z(d) = d**3 - 5*d**2 + 2*d - 3. Give z(s).
-11
Let a = 953 + -960. Let r(d) = d**3 - 4*d + 6*d + 7*d**2 - d. What is r(a)?
-7
Let a(n) = n - 6. Let b be a(8). Let o(i) = -b*i + 4 + 4*i - 2*i - i. Give o(-3).
7
Let z(i) = i + 9. Let m = 22 - 33. Let y be z(m). Let l(b) = 5*b**3 - 6*b + 8. Let w(u) = 4*u**3 - 5*u + 7. Let d(s) = -5*l(s) + 6*w(s). Give d(y).
10
Let a(p) = -2*p - 2. Suppose -26 + 2 = 8*g. Calculate a(g).
4
Suppose 2*s - 7 = -17. Suppose 0 = -5*u - 15 + 55. Let b(z) = -7*z - 1 + 2*z - z**2 + u. Calculate b(s).
7
Let t be 13/((-455)/28) - (-117)/15. Let p(b) = 3*b - 17. Give p(t).
4
Let q(c) = -c**3. Let i be ((-6)/2)/(-3 + 2). Let l(g) = 3 - 5*g**2 + 7*g - 4*g**3 + g**i + 7*g**3. Let j(k) = -l(k) - 5*q(k). Give j(-6).
3
Let o(q) = -q - 4. Let s = 19 + -19. Suppose 4*n + 4*m - 11 = -51, n + 2*m + 15 = s. Give o(n).
1
Let l(n) = -n - 2. Suppose -20*w = -53*w - 165. Determine l(w).
3
Let v(z) = -517*z + 1032*z - 517*z + 6. Calculate v(-3).
12
Let p(l) be the third derivative of -l**9/60480 + l**7/2520 + l**6/720 + l**5/15 - 16*l**2. Let c(k) be the third derivative of p(k). Determine c(-1).
0
Let t(v) = 5*v**2 + 2*v - 1. Suppose 0 = 3*j + 5*j - 32. Suppose -2*u - 4 = -j*w, 0 = 2*w - 4*u - 4 + 2. Give t(w).
6
Let d(f) = -4*f - 1. Let o(l) = 24*l - 13. Let x(k) = -5*d(k) - o(k). Give x(6).
-6
Let z(v) = v**3 - 6*v**2 + 7. Let k be z(6). Let x(w) = -w**3 + 8*w**2 - 7*w - 1. Determine x(k).
-1
Let j(p) = 4*p**3 - p**2. Let f(t) = t - 7. Let w be f(10). Suppose b - 2 = -w. Determine j(b).
-5
Suppose 4*h + 1 = 5*y, 2*y - y = -h + 11. Let t = 11 - 4. Let g(o) = 4*o - t*o - o + o**2. Calculate g(h).
12
Suppose -28*c - 6 = 218. Let z(y) = y**2 + 11*y + 15. What is z(c)?
-9
Let u(p) = p - 10. Let b = -38 - -39. Let q(x) = 1. Let v(l) = b*u(l) + 2*q(l). Let w = -3 - -3. Give v(w).
-8
Let r(o) = 138*o**2 - 50*o**2 - 43*o**2 - o - 44*o**2. What is r(3)?
6
Let u = 2 - 7. Let f = u + 10. Let d be (12/10)/((-2)/f). Let q(o) = -o**3 - 4*o**2 - 4*o - 4. Determine q(d).
-1
Let a(q) = q**3 + 2*q**2 - 2*q - 2. Suppose 0 = i + 3*d + 3, -30 - 7 = -i + 5*d. Let y be i - 1/1*-3. Let f be (-36)/y - (-10)/25. What is a(f)?
2
Let m(v) = 145 - v - 141 + 0*v. Let l = -1 + 3. Let t be -1 - (2 + (l - 0)). Give m(t).
9
Let o be 0*(10/(-4))/(-5). Suppose o = 3*q + 5*f - 454, 3*q = -q + 3*f + 586. Let d(p) = 2*p**2 - q + 3*p**2 + p**3 + 152 + 5*p. Calculate d(-4).
0
Let y = -149 - -142. Let p(k) = k**3 + 7*k**2 + 2*k + 7. Determine p(y).
-7
Let b = -990 - -980. Let h(s) = s**3 + 9*s**2 - 9*s + 14. Calculate h(b).
4
Suppose 2770 = -19*z + 2675. Let a(t) be the second derivative of 5/6*t**3 + 1/12*t**4 + 0 - 3*t**2 - 3*t. Give a(z).
-6
Let a = -32 - -32. Let v(h) = h**2 - h - 1. Give v(a).
-1
Let p(v) = v**3 + 9*v**2 + 7*v - 5. Suppose q + 30 = -4*b, 14 = -3*b + 5*q - 10*q. Determine p(b).
3
Let r be 1 + -5 - ((-63)/3)/3. Let l(a) = -2*a + 4. Give l(r).
-2
Let k(m) = m**2 + m - 2. Let y be k(0). Let o(q) = -q**3 - 6*q**2 - 2*q + 1. Calculate o(y).
-11
Let g(l) = -l**2 + 17*l - 8. Let v be g(17). Let i(t) = -t**2 - 7*t + 7. Determine i(v).
-1
Suppose -11*w - 60 = w. Let h(i) be the first derivative of -i**3/3 - 7*i**2/2 - 7*i - 11. Calculate h(w).
3
Suppose 5 = o + 4*o. Let b(k) = -7*k - 13. Let d(y) = 1. Let n(i) = 7*i + 9. Let g(u) = -6*d(u) - n(u). Let j(r) = -7*b(r) + 6*g(r). What is j(o)?
8
Let i(u) be the first derivative of u**6/360 + u**5/120 + u**4/24 - u**3/3 - 4. Let p(s) be the third derivative of i(s). Give p(-2).
3
Let b(d) be the third derivative of d**4/8 - 4*d**3/3 - 176*d**2. Give b(-10).
-38
Let i(m) = -18 + 5 + 19 + 5*m - m**2. Calculate i(5).
6
Let r(i) = -2*i - 3. Let m be r(-2). Let d be 22/(0 + 2 - 0). Let z(l) = 1 + 4*l + d*l - 4*l**2 - 18*l + l. Calculate z(m).
-5
Let w(z) = z**2 + z - 1. Let l(u) = 4*u**2 + 11*u - 10. Let i(s) = l(s) - 3*w(s). Let m = 7361 - 7369. Determine i(m).
-7
Let b = 737 + -740. Let s(x) = -4 + 4 - 4*x**2 - x - x**3. Determine s(b).
-6
Suppose 4*k - 5*v = 11, 5*k + v - 10 = 11. Let t(w) be the first derivative of w**2 + 5*w + 113. Calculate t(k).
13
Let v(x) = -5*x + 3. Let o(g